-5*m + 18 + j. What is the units digit of m?
5
Suppose -2*l + 2*d + 104 = 0, 3*l - 2*d = -l + 214. Suppose -2*y + 5*n = -7*y + l, -5 = n. What is the tens digit of y?
1
Let m be 62/15 + 6/(-45). What is the units digit of (m/3)/(-2)*-3?
2
What is the units digit of 1/3 - 26/(-3)?
9
What is the tens digit of (-2)/18 + 2306/18?
2
Suppose 0 = -11*j + 12*j - 71. What is the units digit of j?
1
Let q = -129 + 199. What is the units digit of q?
0
What is the units digit of 3*(-8)/6 - -49?
5
Let p(y) = -2*y + 6. Let k be p(4). Let h = k - -4. Let c = h - -5. What is the units digit of c?
7
Let t be -11 - (4 + (-3 - -2)). Let n = -5 - t. What is the units digit of n?
9
Let i(j) = -j. Let s be i(10). Let t = s - -22. What is the tens digit of t?
1
Let a(s) = s**3 + 5*s**2 - 6*s - 6. Let t be a(-6). Let g be 1*(-3)/t*2. What is the units digit of (g*-1)/((-1)/13)?
3
Let t(w) = 8*w**2 - w + 6. What is the tens digit of t(-3)?
8
Let w be ((-8)/3)/((-4)/24). What is the units digit of (2/(-1))/(w/(-88))?
1
Let m = 16 - 11. Suppose -2*b = h - 48, -5*h = -15 - m. What is the units digit of b?
2
Let y be 41/1*1 - -3. Let t = y - 7. What is the tens digit of t?
3
Let u = 118 + -35. What is the tens digit of u?
8
Let o = 30 + -29. What is the units digit of o?
1
What is the units digit of (6 - 3) + -2 + 1?
2
Let i(v) = v + 3. Let u be ((-56)/(-10))/(2/10). Suppose -u = -5*k + k. What is the units digit of i(k)?
0
Suppose 13 + 7 = 4*v. Suppose -c = c - 156. Suppose 4*j = -2*f - 30 + c, -2*f + 61 = v*j. What is the units digit of j?
3
What is the units digit of (68 - -1)*(-6)/(-9)?
6
Suppose -1 - 1 = -i. What is the units digit of -4*(-1)/i + 0?
2
Let m(v) = -2*v**3 + 14*v**2 + 12*v - 9 - 5*v**2 + v**3. What is the units digit of m(10)?
1
Let d(l) = -l**3 - l**2 + l + 1. Let j be d(-2). Suppose 17 = j*v - 16. What is the tens digit of v?
1
Let k be -1 + -1 + 5 + 5. Suppose 0 = 5*i - 2 - k. What is the units digit of (8 - i)*1 - 0?
6
Suppose -4*o = -2*m - 6, -5*m + 1 = 6. Suppose 4*t - o - 7 = 0. Let g = -1 + t. What is the units digit of g?
1
Let a = -2 - 1. Let q = 4 + a. What is the units digit of q?
1
Suppose -3 = -4*a - 5*r, 5*a - 6 = 2*r - 27. Let i be ((-9)/a + -3)/1. What is the units digit of 3 - (i - (-2 + 3))?
4
Let t = -5 - -8. Suppose -17 = -5*x + t. What is the units digit of x?
4
Suppose -4*b = -3*m + 29, 2*m + m - 2*b = 19. Suppose 8*l - m*l = 90. What is the units digit of l?
8
Suppose t = 2*t - 4. Suppose 0 = 2*o - 0*o + 3*n - 100, -4*o = t*n - 196. Suppose 15 - o = -4*r. What is the units digit of r?
8
Let x = 8 + -5. Let f be x - (0 - -2)/(-1). Suppose -3*m + f*b = 19, 6*b - 33 = -4*m + b. What is the units digit of m?
2
Let z = -12 - -6. Let a = 10 - z. What is the units digit of a?
6
Let p(l) = l - 4. Let r be p(0). Let g(c) = 2*c - 6. Let x be g(6). Let d = x + r. What is the units digit of d?
2
Let j(d) = -d**3 + 5. Let f be (7 - 5) + 1*-5. What is the tens digit of j(f)?
3
Suppose 0 = 5*x - 3*t - 51, 0*x = -3*x - t + 39. What is the tens digit of x?
1
Suppose 2*s = -b - s - 6, -9 = 2*b + 3*s. Let w be 4/(-2) + 4 - b. Suppose a + 38 = 4*n - 12, w*a = -5*n + 75. What is the units digit of n?
3
Let s(u) = u**2 - 8*u + 6. What is the units digit of s(10)?
6
Let o(l) = 3*l**2 - l - 1. Let y be 1/(-1)*(-6)/(-3). Let t be o(y). Let m(w) = -w**3 + 12*w**2 + 14*w - 11. What is the units digit of m(t)?
2
Let h(f) = f**2 - 3 + 0 - 2. Let g be h(-6). Suppose -5*w - r + 0*r = -25, 4*w - g = -3*r. What is the units digit of w?
4
What is the tens digit of (4/(-4) - 904)*4/(-20)?
8
Let c be ((-14)/8)/(1/(-4)). Let z(b) = b. Let g be z(3). Suppose 5*x - c = g. What is the units digit of x?
2
Let z(r) = -r**2 + 17*r - 2. What is the tens digit of z(8)?
7
Let i(y) = -2*y**3 - 2*y**2 + y - 2. Let r be i(-2). Suppose 312 = 2*u + r*u. What is the tens digit of u?
5
Let y(b) = -3*b - b - 1 + 3*b. Suppose i - n = -0 + 1, 4*i - 2*n + 2 = 0. What is the units digit of y(i)?
1
Suppose 0 = u + 2*u - 3*r - 387, 4*r = -12. What is the tens digit of u?
2
Let x be 9 + (-8)/2 + 1. What is the units digit of (-1 - -4)*10/x?
5
Let z(u) = -u - 5. Let a be z(-7). Suppose s = -h - a*h - 34, 6 = -h + s. What is the units digit of (8/14)/(h/(-35))?
2
Suppose -3*s = 3 - 9. Suppose 30 = 5*y - f, s*f = -3*y + 5*y - 4. Suppose 2*z + 2*j = y*j + 22, 2*z - 24 = 4*j. What is the units digit of z?
6
Let d be -3*(-2)/6 + 4. Suppose -6*z + z - d = 0. What is the tens digit of z*(3 + -2 + -20)?
1
Suppose -4*x = f - 413, 2*x - 185 = -2*f + 29. What is the units digit of x?
2
Suppose 8*j - 3*j - 15 = 0. What is the units digit of ((-21)/(-6) - j)*12?
6
Let n = 3 + -3. Let a = -1 + n. What is the units digit of (-7)/(-4) + a/(-4)?
2
Let y(v) = -45*v + 5. Let p be y(1). Let i be (-3)/(1 - (-55)/(-58)). Let r = p - i. What is the tens digit of r?
1
Suppose 0 = -3*l + 2*l - 1. Let h = l - -8. Let z = h - -2. What is the units digit of z?
9
Suppose 18 = 2*p - 52. What is the units digit of p?
5
Suppose 3*i = -3, y - 27 = -4*y - 3*i. Suppose 0 = -3*f + y. Suppose 4*j = 3*t, 0*j - 2 = -2*t + f*j. What is the units digit of t?
4
What is the tens digit of (36 + -2 + 0)*5/5?
3
Suppose 2*v - 4*v = 0. Suppose -y = -v*y - 3. What is the units digit of y?
3
Suppose -3*r + 10 = b, -4*b - 16 = -5*r - 5*b. Let g be (r/2 - 3)*-8. Suppose 2*k + 3 = -0*k + 3*m, -g = -3*k - m. What is the units digit of k?
3
What is the units digit of 3*(-388)/(-12) - 2?
5
Let i(m) = m**3 + 9*m**2 + 7*m - 3. Let h be i(-8). Let n(w) = -w**3 + 7*w**2 - 8*w + 7. What is the tens digit of n(h)?
1
Let c be (3/(-18)*-4)/(2/6). Suppose 4*w - 2*h = 2*h + 4, -w - 3*h - 7 = 0. Let n = c + w. What is the units digit of n?
1
Suppose 0 = s + 2*s - 105. Suppose -t - 60 = -5*t. Suppose -5*h + s = -t. What is the units digit of h?
0
What is the units digit of 2 + 0 - (-70 - 1)?
3
Suppose -2*o - 410 = -2*q, -2*q - 3*o = -o - 426. What is the tens digit of q?
0
Let y = 94 - 49. Let r = -20 + y. What is the tens digit of r?
2
Let k(m) = -m**2 - 2*m. Let x be k(-2). Suppose x = s - 3*p + 4 - 10, -2*s + 4*p = -10. What is the units digit of s?
3
Let q(a) be the third derivative of a**5/60 - a**4/6 + 2*a**2. Let m be q(5). What is the tens digit of 61/m + (-6)/30?
1
Let b = -3 + 33. Suppose -4*g - 2*z = -0*g - b, 25 = 4*g + z. Suppose 6 = -g*u + 56. What is the units digit of u?
0
Let x(b) = b**2 - 8*b - 5. Let i be x(9). Suppose p - j = 10, 4*j - 13 + i = -3*p. What is the units digit of p?
7
Suppose o = -5*g + 7 + 139, -4*g + o + 115 = 0. Suppose -7 = -3*f - x + g, -60 = -5*f + 4*x. Suppose f = 5*v - 18. What is the units digit of v?
6
Let v(p) = -p**2 - 4*p + 7. Let f be v(-5). Suppose -2*n = f*n - 16. What is the units digit of n?
4
Let x = 4 - -1. Let c = x + 9. What is the tens digit of c?
1
Let s(b) = b + 2. Suppose -2*v - 14 = -4*v. Let l be s(v). What is the units digit of 16/3 + (-3)/l?
5
Let x(t) = t - 2. Let o be x(0). Let j be (-5)/o*(3 - 1). Let l(u) = -u**2 + 8*u - 6. What is the units digit of l(j)?
9
Suppose 0 = -3*x + x - 3*b + 53, 0 = 2*x - 5*b - 93. What is the tens digit of x?
3
Let g be (-2)/7 + (-2)/(-7). Let m(f) = -f - 3. Let a be m(-6). Suppose -2*w + 36 = -g*w - 4*r, -r = -a*w + 29. What is the units digit of w?
8
Let n(f) be the second derivative of f**5/10 - f**4/12 - f**3/3 + 3*f**2/2 - 2*f. What is the tens digit of n(2)?
1
Suppose 13 = 5*u + 3. Suppose 6 = 4*z - u. What is the units digit of z?
2
Let m be -2*4*(-36)/(-8). Let n = m + 73. What is the tens digit of n?
3
Let o(y) = -23*y + 1. Let s be o(-1). Suppose -16 - s = -4*n. What is the units digit of n?
0
Let c be (-3 - -1) + 5 + 3. Suppose m - 14 = -c. What is the units digit of m?
8
Let j(y) = -y**3 + 9*y**2 + 2*y - 4. Let z be (-3)/(-2) - (-30)/4. What is the tens digit of j(z)?
1
Let z = 239 - 115. What is the units digit of z?
4
What is the units digit of (1 - 20/8)/(6/(-92))?
3
Let l be 33/12 + (-3)/(-12). Let j = 3 + l. What is the units digit of j?
6
Let b = -34 + 87. What is the tens digit of b?
5
Let j(m) = m**2 + 4*m + 3. Let p be j(-4). Suppose -u = -2*d + 60, -u - 104 = -3*d + 4*u. Suppose p*k = 7*k - d. What is the units digit of k?
7
Suppose 4 = 2*z - 0. What is the units digit of z?
2
Let i(l) = -l**2 - 14*l - 9. What is the tens digit of i(-